r + 0*r - 2. Let w = 13 - 18. Give t(w).
-9
Suppose 4*f + 14 = -3*k, f - 10 = 3*f + 3*k. Let o be -1 + 8 + 3 + 8/f. Let s(x) = x**2 - 7*x + 8. What is s(o)?
2
Let i be 1 - (6 + 1/1). Let r(t) = -3*t - 5. Let c be r(-3). Let a(b) = 1 - b**2 + c*b + 3*b - 14*b. Give a(i).
7
Let c(i) = -i + 2. Let b(r) = -r**2 + r - 2. Let v(a) = b(a) + 4*c(a). Calculate v(-6).
-12
Let u(i) = -2. Let b(r) = r**2 + 3*r + 3. Let f(z) = 2*b(z) + 6*u(z). Let h be ((-10)/(-2))/(3 - 4). Give f(h).
14
Let j(i) = -i - 4. Let b be j(-7). Let u(c) = -c + 4. Let a be u(b). Let g(f) = 29 - 3 - f - 17*f**2 - 25. Determine g(a).
-17
Let m(i) = i + 2*i - 12 - 3*i - i. Suppose -5*o = t - 7, 4*o + 36 = 77*t - 81*t. What is m(t)?
1
Let v(y) = y**2 + 10*y + 3. Let t(a) = a**3 - 28*a**2 + 28*a - 34. Let k be t(27). Calculate v(k).
-18
Let x(r) be the first derivative of 1/360*r**6 - 1/3*r**3 + 0*r + 1/24*r**5 + 1/6*r**4 + 4 + 0*r**2. Let k(n) be the third derivative of x(n). Give k(-3).
-2
Let k(j) = -4*j + 3. Let r be 1/(((-4)/20)/1). Let z = r - -9. Suppose z*c - 6 = 2. What is k(c)?
-5
Suppose 1 = g - 1. Let q(t) = 0 + t + g + 2. Let r(m) = -3*m + 15. Let b be r(5). What is q(b)?
4
Suppose 4*t + t = a - 23, 20 = -5*t. Let s(r) = -7*r - 8*r + 18*r - 4*r + 60 - 62. Determine s(a).
-5
Suppose 6 = 8*h - 74. Suppose 0 = -2*d - 4*r + 10, 0*r = r + 1. Let w = h - d. Let v(g) = -g**3 + 4*g**2 - 3*g + 4. Determine v(w).
4
Let x(l) = -21*l - 193. Let d(k) = -97. Let u(f) = 2*d(f) - x(f). Suppose 3*j + 0 = -3. What is u(j)?
-22
Let u(d) = 2*d - 2. Let r = -117 + 175. Let p = -53 + r. Give u(p).
8
Let p(t) = -8*t**2 + 4*t + 8. Let u(i) = -2*i**2 + 2*i + 1. Let k(w) = -p(w) + 3*u(w). Determine k(-3).
7
Suppose -4*b + 3*y = -9*b + 6, 0 = 4*y - 8. Let j(w) be the second derivative of w**3/6 + 11*w**2/2 + 16*w. Calculate j(b).
11
Let x(f) = 14*f - 3. Let j(z) = 57*z - 15. Let i(n) = j(n) - 4*x(n). Let u be (-9)/2*(-12)/9. Determine i(u).
3
Let p(x) = 14*x**3 - x**2 + 6*x - 3. Let t(n) = -4*n**3 - n + 1. Let o(u) = -p(u) - 5*t(u). Determine o(2).
48
Let z be 735/(-120) + 2/16. Let d(a) = -a**3 - 5*a**2 + 5*a - 7. What is d(z)?
-1
Suppose 37 = -5*u + r, -4*u - 24 = 5*r - 3*r. Let g(h) = -24*h**2 + h**3 - 51*h**2 + 83*h**2 - 7 + 6*h. What is g(u)?
0
Let b = -1 + 3. Let v(g) = 0*g + 2*g + 4*g - 1 - g**2 + 0*g**b. Determine v(6).
-1
Let x(w) = 7*w**2 - 13*w - 2. Suppose -p = 96 - 103. Let k(u) = -10*u**2 + 19*u + 3. Let t(l) = p*x(l) + 5*k(l). Give t(-3).
-20
Let u be (-6 - 0)/((-3)/2). Suppose -3*d + 5*n - 3 = 0, u*d + 1 = 3*d - 5*n. Let j(m) = 5*m**3 - m - 1. Calculate j(d).
-5
Let q(p) = 153*p + 1377. Let u be q(-9). Let t(i) = 3 + i - 5 - i**2 - 2. Determine t(u).
-4
Suppose -104 = 3*g - 83. Let m(d) = -3*d - 2. Give m(g).
19
Let w = 201 + -121. Let u be (-1)/(-5) - w/25. Let v(i) = -6 + 21 + i**2 - 12 + 6*i. What is v(u)?
-6
Suppose -2 = 5*d - 6*d. Suppose -1 = 3*t + d. Let x(v) = -7*v - 3 + 4 - 2. Determine x(t).
6
Let o(f) = -29 - 2*f + 30 + 3*f. Let x be (-7)/6 + 3/18. Let b be x/(-3) + 48/18. Determine o(b).
4
Let p(m) be the second derivative of -m**8/6720 + m**7/630 - m**6/720 + m**5/60 - m**4/6 - 9*m. Let h(c) be the third derivative of p(c). Calculate h(4).
-2
Let b(g) = -5*g - 20. Let d(z) = -3*z - 2. Let x(q) = -8*q - 5. Let p(t) = 11*d(t) - 4*x(t). Let w(l) = b(l) - 6*p(l). Let v = -1 - -5. What is w(v)?
-4
Let b(l) = -5*l + 4. Let z(c) = 25*c - 16. Let q(w) = -8*w + 5. Let h(j) = 17*q(j) + 6*z(j). Let o(s) = -11*b(s) - 4*h(s). Calculate o(-6).
6
Let l(m) be the second derivative of m**5/20 + 7*m**4/12 + 4*m**3/3 - m**2 - 2*m - 13. Determine l(-6).
-14
Suppose 0*f + 11*f = -6*f. Let j(d) be the second derivative of f + 0*d**3 + 2*d - 1/2*d**2 + 1/6*d**4. Calculate j(2).
7
Let l(x) = -x**3 + 7*x**2 + 2*x - 1. Let b = 297 - 290. What is l(b)?
13
Let n(p) = 3*p**3 - 4*p**2 - 10*p - 10. Let m(g) = g**3 - g**2 - 3*g - 3. Let o(r) = 7*m(r) - 2*n(r). Let x be 2 + -6 + 8 + -4. What is o(x)?
-1
Let g(x) = x**2 + x + 1. Let a(q) = q**3 + 9*q**2 - 4*q. Let p(c) = -a(c) + 4*g(c). Let s(z) = 2*z - 6. Let b be s(8). Suppose -20 = 5*y + b. What is p(y)?
-8
Let u be (-5)/(5/(-1))*(18 - 22). Let g(c) = 2*c + c**3 + c + 5*c**2 + 0*c**3. Calculate g(u).
4
Let y(z) be the third derivative of 1/120*z**6 + 15*z**2 + 0 - 1/3*z**3 + 1/20*z**5 + 0*z - 1/8*z**4. Give y(-4).
-6
Let j(y) = 2*y**2 - y - 3. Let k(q) = q**3 - 11*q**2 + 27*q + 5. Let l be k(7). Determine j(l).
7
Let w(g) be the second derivative of g**5/20 - g**4/2 + g**3 - g**2/2 + g. Let m(f) = -f + 6. Let l be m(-3). Let a(v) = v - 4. Let p be a(l). Calculate w(p).
4
Suppose 3*k + 14 = 5*k - 2*u, 5*k - 3*u - 29 = 0. Let h = k - 1. Let a(b) = 2 - h*b - b - 1. Calculate a(-1).
5
Let k(t) = t**2 - 9*t - 12. Let h(a) = -2*a**2 + 17*a + 23. Let m(o) = -3*h(o) - 5*k(o). What is m(9)?
18
Suppose 6*x + 21 = 9*x. Suppose 0 = l + 5*r - 9, -2*l - 1 = -x*l - 3*r. Let a(v) = -3*v**2 - v - 1. Calculate a(l).
-3
Let d be -6*2/8*4. Let f(p) = -p**2 - 7*p**2 + p - 5 + p**2. Let s(r) = -6*r**2 - 5. Let z(c) = -5*f(c) + 6*s(c). Determine z(d).
-11
Let p(u) = -218*u + 3 - 3 + 239*u. What is p(-1)?
-21
Let a(j) = -j**3 + 3*j**2 + 6*j - 2. Suppose 3*k - 104 = -23*k. Calculate a(k).
6
Let a(q) = -q. Suppose 5*h - o = -1 - 3, -5*h + 12 = 3*o. Give a(h).
0
Let k(x) = x**2 + 7*x + 8. Let s(v) = -4*v + 40. Let a be s(10). Let o be (a + 1)/(2/(-12)). Determine k(o).
2
Suppose w - 108 = -3*w - 4*q, 8 = -2*q. Let h(s) = 25*s**2 - w*s**2 + 6*s - s + s**3 - 5. Let i be 1/(8/(-10) + 1). Calculate h(i).
-5
Let w be 10*1*(-21)/(-35). Let b = 6 - w. Suppose 5*g + 5*x = 10, b = 5*g - 3*x - 35 - 7. Let h(m) = m**2 - 5*m + 7. Calculate h(g).
13
Let g(c) be the second derivative of c**4/12 + c**3/2 - 2*c**2 + 2*c. Let w be 2 + ((-2)/1 - -3). Suppose -4*m - w = 9. Calculate g(m).
-4
Let t(l) = l + 4. Suppose j + 2*r = 5, j + j + 2*r = 8. Suppose -2*c - 30 = j*c. Determine t(c).
-2
Let u(r) = r**3 - 7*r**2 + r + 6. Suppose 0 = 58*m - 68*m + 70. Calculate u(m).
13
Let o(m) = m**2 + 8*m - 9. Let d(j) = -j**3 + 7*j**2 - 4*j - 5. Let b be d(5). Suppose 0 = -5*t + q - 43, -5*t - 5*q - 80 = -b. Determine o(t).
0
Suppose 0 = 2*z - 19 - 49. Let r = -37 + z. Let j(v) = 3*v - 12. Let o(l) = l - 6. Let k(a) = r*j(a) + 7*o(a). Determine k(-6).
6
Let l(c) = c**2 + 9*c - 4. Let o be (-3)/12*-4*-7. What is l(o)?
-18
Let r(w) = 2*w**2 - 8*w + 6. Suppose -2*n + 5 = 5*s - 4, 3*n - 3 = -4*s. Suppose 3*b - 2*a = 15, s*b - 5*b + 10 = a. Determine r(b).
16
Let v(b) = -b**3 + 8*b**2 - 6*b. Let g be ((-14)/(-6))/(3/27). Let l be ((-1)/(-2))/(2/(-56)). Let d = l + g. Determine v(d).
7
Let i(m) be the first derivative of m**5/60 - 5*m**4/24 - m**3/2 + 4*m**2 + 6. Let x(s) be the second derivative of i(s). What is x(5)?
-3
Let y(o) = -5*o + 3. Let j(d) = -9*d + 6. Let z(c) = 3*j(c) - 5*y(c). Let k(l) = -l**3 + 5*l**2 - 2*l - 5. Let f be k(2). Give z(f).
-3
Let w be (-15)/(-5) - (-1 + 4). Let z(m) = m**2 - m - 5. Determine z(w).
-5
Let v(w) = 3*w. Let u(n) = 2*n - 9. Let f(o) = o**3 + 6*o**2 + o + 8. Let i be f(-6). Suppose i*d = 3*g - 9, 0 = -4*g + 7*g - 3*d - 6. Let k be u(g). Give v(k).
3
Let m(i) be the third derivative of -i**5/60 + i**4/24 - 4*i**3/3 - i**2 + 64*i. Give m(6).
-38
Let a(m) = m**3 - 9*m**2 + 9*m - 11. Let n = 2 - -6. What is a(n)?
-3
Let w(x) = 5*x**2 + 13*x + 21. Let j(y) = -3*y**2 - 13*y - 20. Let q(u) = -3*j(u) - 2*w(u). Determine q(15).
-12
Suppose 6 = -203*u + 209*u. Let q(r) = 7*r - 1. Give q(u).
6
Let t = 253 - 253. Let x(z) be the third derivative of -1/60*z**5 - 1/24*z**4 - 4*z**2 + 0*z + 2/3*z**3 + t. What is x(0)?
4
Suppose 31 = 3*d + 2*y, 25*y = -3*d + 24*y + 26. Let a(c) = 2*c**2 - 14*c + 9. What is a(d)?
9
Suppose 5*w - 4*a - 59 = 0, 3*a + 0*a + 3 = 0. Let v(u) = u**2 - 11*u - 4. Let n be v(w). Let b(k) = k + 4. What is b(n)?
0
Let q be 1/((-1)/(-10))*(-120)/(-48). Let r(x) = 3*x - 70. What is r(q)?
5
Suppose i + 7 = -k, -5*k + 2*i = 6 + 29. Let n(r) be the second derivative of 0 - 1/6*r**3 + 3*r - 7/2*r**2. Calculate n(k).
0
Suppose 28*b + 179 = -73. Let r(x) = x**2 + 6*x - 17. Calculate r(b).
10
Let y(w) = -w - 5. Let n(a) = 4*a + 16. Let i be 1/((-4)/(-140)*5). Let b(g) = i*y(g) + 2*n(g). Determine b(-6).
-9
Let h(m) = 5*m**3 - m**2 - 2*m + 6. Let i(q) = -4. Let x(s) = h(s